ns digit of 65080?
8
What is the hundreds digit of 6419?
4
What is the hundreds digit of 23661?
6
What is the hundreds digit of 648?
6
What is the tens digit of 17548?
4
What is the hundreds digit of 825?
8
What is the units digit of 20710?
0
What is the tens digit of 2354?
5
What is the thousands digit of 1370?
1
What is the units digit of 6246?
6
What is the tens digit of 1167?
6
What is the tens digit of 3731?
3
What is the hundreds digit of 7217?
2
What is the tens digit of 55541?
4
What is the units digit of 1946?
6
What is the units digit of 9256?
6
What is the hundreds digit of 6593?
5
What is the thousands digit of 8460?
8
What is the hundreds digit of 1115?
1
What is the ten thousands digit of 15984?
1
What is the hundreds digit of 708?
7
What is the ten thousands digit of 29318?
2
What is the hundreds digit of 902?
9
What is the tens digit of 4269?
6
What is the units digit of 2408?
8
What is the units digit of 3694?
4
What is the units digit of 30082?
2
What is the ten thousands digit of 15610?
1
What is the hundreds digit of 2742?
7
What is the hundreds digit of 358?
3
What is the tens digit of 442?
4
What is the thousands digit of 4016?
4
What is the hundreds digit of 5586?
5
What is the hundreds digit of 457?
4
What is the units digit of 7038?
8
What is the hundreds digit of 4079?
0
What is the hundreds digit of 34221?
2
What is the hundreds digit of 79471?
4
What is the thousands digit of 1268?
1
What is the hundreds digit of 15090?
0
What is the units digit of 23378?
8
What is the hundreds digit of 122?
1
What is the ten thousands digit of 109200?
0
What is the units digit of 3688?
8
What is the units digit of 6147?
7
What is the hundreds digit of 920?
9
What is the tens digit of 1395?
9
What is the units digit of 11198?
8
What is the units digit of 117?
7
What is the thousands digit of 1347?
1
What is the units digit of 3448?
8
What is the tens digit of 3628?
2
What is the thousands digit of 2600?
2
What is the hundreds digit of 12712?
7
What is the tens digit of 901?
0
What is the thousands digit of 20173?
0
What is the units digit of 187?
7
What is the units digit of 752?
2
What is the thousands digit of 3465?
3
What is the ten thousands digit of 19880?
1
What is the tens digit of 470?
7
What is the thousands digit of 8980?
8
What is the tens digit of 4920?
2
What is the thousands digit of 15888?
5
What is the hundreds digit of 480?
4
What is the thousands digit of 1645?
1
What is the units digit of 1043?
3
What is the hundreds digit of 1700?
7
What is the thousands digit of 6113?
6
What is the units digit of 7613?
3
What is the ten thousands digit of 66072?
6
What is the thousands digit of 6690?
6
What is the hundreds digit of 6110?
1
What is the thousands digit of 1885?
1
What is the units digit of 789?
9
What is the units digit of 556?
6
What is the tens digit of 856?
5
What is the hundreds digit of 3108?
1
What is the tens digit of 774?
7
What is the units digit of 2983?
3
What is the units digit of 3123?
3
What is the hundreds digit of 8446?
4
What is the thousands digit of 31981?
1
What is the hundreds digit of 41941?
9
What is the hundreds digit of 3168?
1
What is the hundreds digit of 5506?
5
What is the units digit of 67615?
5
What is the thousands digit of 72092?
2
What is the units digit of 1109?
9
What is the units digit of 1202?
2
What is the thousands digit of 2302?
2
What is the hundred thousands digit of 117732?
1
What is the hundreds digit of 13812?
8
What is the units digit of 1125?
5
What is the tens digit of 582?
8
What is the units digit of 14378?
8
What is the thousands digit of 6561?
6
What is the units digit of 16297?
7
What is the units digit of 24760?
0
What is the hundreds digit of 281?
2
What is the hundreds digit of 6793?
7
What is the units digit of 4525?
5
What is the thousands digit of 40549?
0
What is the hundreds digit of 1170?
1
What is the thousands digit of 6425?
6
What is the tens digit of 4032?
3
What is the tens digit of 1286?
8
What is the hundreds digit of 1226?
2
What is the units digit of 1571?
1
What is the ten thousands digit of 86270?
8
What is the thousands digit of 19292?
9
What is the tens digit of 9195?
9
What is the units digit of 867?
7
What is the thousands digit of 2403?
2
What is the hundreds digit of 1008?
0
What is the tens digit of 14956?
5
What is the hundreds digit of 3533?
5
What is the hundreds digit of 1452?
4
What is the thousands digit of 7664?
7
What is the units digit of 2143?
3
What is the hundreds digit of 1509?
5
What is the tens digit of 1774?
7
What is the hundreds digit of 32687?
6
What is the units digit of 1961?
1
What is the thousands digit of 2786?
2
What is the tens digit of 279?
7
What is the hundreds digit of 3273?
2
What is the tens digit of 876?
7
What is the units digit of 4692?
2
What is the tens digit of 12409?
0
What is the hundreds digit of 2034?
0
What is the units digit of 9039?
9
What is the units digit of 3077?
7
What is the hundreds digit of 2749?
7
What is the thousands digit of 87822?
7
What is the units digit of 41917?
7
What is the thousands digit of 2648?
2
What is the thousands digit of 15132?
5
What is the hundreds digit of 1861?
8
What is the thousands digit of 3668?
3
What is the tens digit of 4533?
3
What is the units digit of 11?
1
What is the thousands digit of 11123?
1
What is the thousands digit of 11145?
1
What is the units digit of 2448?
8
What is the units digit of 71417?
7
What is the ten thousands digit of 90914?
9
What is the units digit of 43643?
3
What is the units digit of 13938?
8
What is the units digit of 6104?
4
What is the tens digit of 67689?
8
What is the hundreds digit of 6534?
5
What is the units digit of 63535?
5
What is the hundreds digit of 25451?
4
What is the thousands digit of 1454?
1
What is the hundreds digit of 9551?
5
What is the tens digit of 2664?
6
What is the units digit of 328?
8
What is the hundreds digit of 13813?
8
What is the tens digit of 4347?
4
What is the ten thousands digit of 19770?
1
What is the hundreds digit of 4348?
3
What is the tens digit of 1878?
7
What is the tens digit of 15578?
7
What is the hundreds digit of 7393?
3
What is the thousands digit of 3371?
3
What is the hundred thousands digit of 100119?
1
What is the thousands digit of 13683?
3
What is the units digit of 662?
2
What is the tens digit of 3166?
6
What is the tens digit of 1777?
7
What is the tens digit of 4376?
7
What is the hundreds digit of 3871?
8
What is the units digit of 57407?
7
What is the tens digit of 12449?
4
What is the thousands digit of 6030?
6
What is the units digit of 1009?
9
What is the hundreds digit of 1666?
6
What is the units digit of 408?
8
What is the tens digit of 8949?
4
What is the hundreds digit of 533?
5
What is the tens digit of 1873?
7
What is the tens digit of 2667?
6
What is the hundreds digit of 6810?
8
What is the units digit of 362?
2
What is the tens digit of 657?
5
What is the hundreds digit of 914?
9
What is the tens digit of 2822?
2
What is the hundreds digit of 2387?
3
What is the hundreds digit of 236?
2
What is the units digit of 620?
0
What is the tens digit of 48176?
7
What is the thousands digit of 9045?
9
What is the thousands digit of 13667?
3
What is the tens digit of 9034?
3
What is the units digit of 361?
1
What is the tens digit of 24803?
0
What is the hundreds digit of 813?
8
What is the units digit of 100916?
6
What is the thousands digit of 64801?
4
What is the units digit of 82866?
6
What is the hundreds digit of 1923?
9
What is the tens digit of 6766?
6
What is the tens digit of 3002?
0
What is the thousands digit of 1768?
1
What is the units digit of 51211?
1
What is the hundreds digit of 106325?
3
What is the thousands digit of 148617?
8
What is the thousands digit of 16274?
6
What is the units digit of 12353?
3
What is the units digit of 3980?
0
What is the tens digit of 139283?
8
What is the hundreds digit of 560?
5
What is the hundreds digit of 4560?
5
What is the tens digit of 882?
8
What is the hundred thousands digit of 111188?
1
What is the units digit of 723?
3
What is the units digit of 115?
5
What is the thousands digit of 4061?
4
What is the tens digit of 80?
8
What is the thousands digit of 1557?
1
What is the units digit of 1069?